 + 6 + -6
8
Evaluate 0 - -2 - (0 + 1).
1
What is (-7 - (0 + -6)) + 5 + -12?
-8
What is the value of -1 + -3 + (-21 - -21) - -2?
-2
What is (22 - 9) + -11 + -8?
-6
What is the value of (-4 - (-8 + 4)) + -4?
-4
What is the value of -10 - (-7 + -3 + -7)?
7
Calculate 0 + -4 + 42 + -31.
7
-157 + 162 - (0 + -1 - -2)
4
What is 3 + (7 - 8) + -12 - -7?
-3
What is the value of (1 - 4 - (-36 - -30)) + -6?
-3
Calculate (1 - 1) + (5 + -2 - 8).
-5
Calculate (-4 - (-2 + -5)) + (2 - 2).
3
Evaluate -5 + 3 + -3 + 7.
2
0 - -12 - (27 - 21)
6
(-1 - 4 - (-8 - -4)) + 7
6
-6 + (-7 - (-7 + -3))
-3
What is the value of 9 + -5 + -1 + 1?
4
What is 7 + 2 - (44 + -31)?
-4
What is 8 + -6 + -4 + 1 - -6?
5
Calculate (1 - 5) + 4 + -1 + 3.
2
What is the value of 1 + (-2 - (1 + -3 + 0))?
1
Evaluate 14 + -21 + 4 + -1 - -6.
2
Evaluate -8 + (6 - 3) + (0 - -4).
-1
Calculate (-1 - 1 - -3) + 2 + -8.
-5
Calculate 15 + -13 - (2 + 1 + -2).
1
Evaluate -13 - (0 + -4 + -5).
-4
(2 - -1) + (-12 + 9 - 5)
-5
Evaluate -7 - (-2 + 4) - -14 - 15.
-10
(-24 - -23) + 10 + -2
7
Calculate -2 + (24 - 25) + 1 + -3.
-5
Calculate 6 + -5 + 3 + -2.
2
4 - 9 - (-9 + 10 + 0)
-6
What is (6 - (2 + 2)) + -2?
0
Evaluate -3 - (3 - ((-4 - -6) + 0)).
-4
-14 + 13 + 5 + 2 + -1
5
Evaluate 9 + (7 - -1) + -19.
-2
What is 1 - 4 - (35 + -43)?
5
What is the value of 17 - (-7 - -21 - 5)?
8
6 - (3 + -2 - -1)
4
What is the value of (-10 - -12) + -5 - (-9 + -1)?
7
What is the value of (-19 - -10) + (9 - 4)?
-4
What is -3 + -4 + 6 + -2?
-3
What is the value of 0 + (2 + -4 - -4)?
2
Calculate 0 + -6 + (5 - -3) + 4.
6
What is (-6 - -1) + (145 - 142)?
-2
What is the value of 11 + -3 + -6 + 2?
4
15 + -11 + 2 - (1 - 2)
7
Calculate (-2 - -5 - 3) + (-36 - -43).
7
-5 - (1 - 0) - (-2 - 0)
-4
6 - (0 + 3) - -1 - 3
1
-28 + 14 - (3 - 23)
6
0 + 12 + -26 + 14
0
2 + 3 - (5 + (5 - 6))
1
Evaluate (-1 - 4) + 1 + 1.
-3
What is 2 - (-5 + 3) - 4?
0
Calculate 23 + -3 - 20 - (-8 - 0).
8
What is the value of (0 - -1 - -2) + (-39 - -34)?
-2
What is 2 + -1 - 0 - 5?
-4
Calculate 2 + -5 + -4 + 3.
-4
What is the value of -2 - (-7 - -2) - 6 - -5?
2
What is 11 + -7 + 1 + -2 + -2?
1
What is the value of -6 + -3 + 3 + 0?
-6
Evaluate 10 - (9 - (-1 + 8)).
8
What is the value of -1 - (1 + -1 + 4 - 1)?
-4
What is the value of 7 + -4 + (-2 - (-6 + 2))?
5
What is the value of -7 + 2 + (-3 - -8)?
0
Evaluate -1 + 3 + 1 + -1.
2
What is the value of (-10 - (-6 + -1)) + (6 - -1)?
4
What is the value of 5 + 0 + -2 + -3 - -3?
3
What is 7 + -11 - 9 - -3?
-10
-9 - (5 - (5 - 3)) - -5
-7
What is the value of -4 - 0 - (6 - (8 + -2))?
-4
Evaluate 1 + 0 + (9 - 9) - 5.
-4
Calculate (1 - 13) + (6 - 0).
-6
What is the value of -2 + 4 + -10 + 3?
-5
What is 0 - -2 - (-2 + 1) - 6?
-3
What is -27 + 22 - (2 - 2)?
-5
What is 18 + -17 + -7 + -1?
-7
Calculate 3 - (0 + (0 - 0)) - 0.
3
What is the value of -5 - 2 - (-2 + -10 + 0)?
5
-2 + (-6 - -7) + (1 - 0)
0
Calculate 0 + (0 + -1 - (-3 - -2)).
0
Calculate -3 + (-2 - (0 - (0 - -1))).
-4
What is the value of 1 + (2 - 3) - -3?
3
0 + -6 + 6 + -4
-4
(4 - 4) + (-1 - (2 - 6))
3
Evaluate -4 + 5 + -2 + -3.
-4
Calculate -3 + (-5 - -5 - 1).
-4
What is the value of 2 + 0 - (6 + (-5 - 0))?
1
What is the value of -4 + 0 - (-50 + 47)?
-1
What is the value of (2 - (-1 - 0)) + -4 - 0?
-1
Calculate 0 + 2 + (0 - (9 + -4)).
-3
What is 0 + (1 - 4) + 3 + -5?
-5
What is 2 + 4 + (0 + -5 - 5)?
-4
-7 + 0 + (5 + 0 - 2)
-4
-1 + -7 + 3 + (-4 - -3)
-6
What is 0 + -10 + 23 + -18?
-5
What is -3 + 2 + 3 - -3?
5
5 - (-4 + -1 - (-5 + -2))
3
(-2 - -10) + (0 - (6 + -3))
5
What is -5 + 10 + 1 - 5?
1
(-2 - -2) + 1 + (20 - 17)
4
Evaluate 4 - (8 - (-3 - -8)).
1
Calculate 7 + 0 + 1 - 3.
5
Calculate 0 + 1 - (-4 + 3).
2
What is -7 - (6 + -15) - 2?
0
What is the value of (0 - 2) + (0 - (4 - 1))?
-5
What is the value of (-6 + -2 + 3 - -3) + 0?
-2
What is -15 + 5 - (-6 - 0)?
-4
What is the value of 38 - 38 - ((2 - 0) + 1)?
-3
(-5 - 5) + 5 + (0 - 1)
-6
Evaluate 8 + -1 + (0 - 2) + 0.
5
Evaluate (90 - 95) + -2 + 0.
-7
Evaluate -2 + -9 + 4 - -5.
-2
What is -38 + 39 - (-1 + 0 - -2)?
0
What is the value of -1 - 10 - (-7 - -2)?
-6
What is the value of 0 - (-3 - (-3 - 2) - 2)?
0
What is the value of 1 + 4 - (-26 - -25)?
6
3 + -5 + -1 + (0 - -3)
0
What is (-2 - 2) + (2 - 0) + -1?
-3
-2 - -2 - (-2 - -7)
-5
Calculate 1 + -3 + 7 + -4.
1
What is the value of 10 + -9 + (-3 - -6)?
4
Calculate 2 - (-8 - 7 - -8 - -2).
7
What is the value of 0 + -4 - -5 - (-2 + 4)?
-1
What is the value of 1 + -1 - (-7 - -7)?
0
What is 26 - 28 - (1 - 0 - 0)?
-3
Calculate -3 + (-1 - 2) + 2.
-4
What is the value of (3 + -7 - -1) + -2 + 1?
-4
8 + (-1 - -7 - 7) + -14
-7
What is the value of 0 - (3 - (13 - 3))?
7
What is the value of -2 + 1 - (1 + -3) - 1?
0
What is (1 - -1) + -6 + (1 - 3)?
-6
Evaluate 5 + -7 + 2 + -6.
-6
What is the value of (-1 - -1) + (-15 - -13)?
-2
Calculate 6 + -13 + (-10 - -10).
-7
-57 - -49 - (2 - (3 - 2))
-9
Evaluate -2 + 7 - (9 - (14 - 7)).
3
What is 9 + -16 - (1 + -3)?
-5
Evaluate 3 - (4 - (-6 + 5)).
-2
What is -1 + -2 + (-5 - -9)?
1
What is the value of -12 + (-4 - (13 + -19))?
-10
Evaluate 4 - 4 - (6 - 4).
-2
2 + 0 + -2 + 11 + -5
6
What is the value of 15 + -13 + 3 + -4?
1
Evaluate -5 + 8 + (1 - (5 + -2)).
1
What is the value of 1 + -3 - -3 - 5 - -1?
-3
Evaluate (-2 + 0 - -3) + 0 - 6.
-5
3 - (6 + -6 - (4 + -6))
1
Calculate 23 + -25 + -1 + -3.
-6
What is the value of -60 - -73 - (3 + 4)?
6
Calculate -2 + (-8 - -4) + 7.
1
What is the value of (-7 - 0) + (6 + -4 - -3)?
-2
Calculate (-14 + 16 - (3 + 0)) + 3.
2
What is (-1 - 6) + (10 - 6)?
-3
-4 + (3 - -1) + -4
-4
What is 7 - (17 - (-1 + 7))?
-4
What is the value of 1 + -2 + (-4 + 5 - -2)?
2
What is the value of -5 - (-11 + (12 - 5))?
-1
Evaluate -7 - (-2 + 2 + -2).
-5
What is the value of -1 - (-2 - -5 - 5)?
1
Evaluate -8 + 4 - (1 - 3).
-2
What is the value of -1 - -4 - (-2 - -6)?
-1
Calculate 6 - 8 - (10 - 8).
-4
Calculate 0 + (-2 - (-2 + -1)) + 1.
2
Evaluate -14 + 23 + -12 + -3.
-6
Evaluate 4 - (-2 + 7 + -13 + 11).
1
What is the value of -2 - -3 - (9 - 10)?
2
0 + -2 + 2 + -4 + 8
4
Evaluate 0 - (-1 + -2 + 7).
-4
Evaluate (-3 - -1 - -6) + -2.
2
What is -5 + 1 + 1 + 0?
-3
Evaluate -4 - (-4 + -1) - (0 - -2).
-1
What is -5 + 3 + (7 - 11)?
-6
Calculate (-5 - -4) + -6 + 2.
-5
What is (-3 - -6 - 3) + 4?
4
Evaluate 7 - (15 - (0 - -11)).
3
Evaluate 3 + -3 + -2 + -3 + 3.
-2
8 + -3 + -2 + (0 - 2)
1
What is the value of (3 - 4) + (-1 - -5)?
3
What is the value of -63 - -56 - (1 + -13)?
5
What is (-2 - 1) + -1 - -4?
0
Calculate (3 - -4) + -9 + (1 - 0).
-1
Evaluate 2 + (15 - (13 - -12)).
-8
Evaluate 21 - 21 - (2 + -1 + 2).
-3
Evaluate -1 - ((11 - 8) + 3).
-7
Evaluate (-2 - -4) + (0 - 2) + -2.
-2
What is (0 - -3 - (-5 + 10)) + 5?
3
Evaluate 2 - (25 + -14) - 1.
-10
What is the value of 2 + -2 + -4 + -3 - -3?
-4
What is (12 - 4) + (17 - 17)?
8
-9 + 9 - (-2 - -1 - -2)
-1
Evaluate (-3 + 4 - 2) + (6 - 11).
-6
Evaluate -3 - (2 - (2 + 1 + 0)).
-2
What is 9 + (-3 + (-5 - -1) - -4)?
6
Evaluate (-8 - -6 - -5) + -6.
-3
-5 + (-3 - -8 - -6) + -2
4
What is the value of 3 + -4 - (-7 - -13)?
-7
Calculate 1 - 1 - -1 - 4 - 2.
-5
What is 3 + -1 + 1 + 0 + -1?
2
What is the value of (1 - 0) + -2 + (2 - -1)?
2
What is (5 - (4 + 7)) + 9?
3
Evaluate (-2 - (3 + (-4 - 1))) + -5.
-5
(-2 - -5) + -7 - (-7 + 1)
2
What is -1 + -1 - ((-5 - -5) + 4)?
-6
What is -3 + 0 + (-3 - -6)?
0
What is the value of 3 + 0 + 3 + 4 + -8?
2
-9 + 19 + -5 + 3
8
What is the value of -4 + 0 - ((1 - -1) + -3)?
-3
Calculate -1 - -2 - (17 + -21).
5
(-8 - 1) + -10 + (32 - 19)
-6
0 + 3 + (-9 - -2) - -6
2
What is 12 + -10 + (0 - (1 + -2))?
3
What is 4 - (1 - (0 + -1)) - 0?
2
Calculate 41 - 36 - (-1 - -3).
3
What is 1 - ((3 - 4 - 4) + 8)?
-2
Calculate 16 + -9 - (8 + 6).
-7
Evaluate (-56 - -62) + (1 - 13).
-6
What is 1 + (-3 + -9 - -6)?
-5
What is (7 - 14 - -6) + 3 + -1?
1
What is the value of -8 + 0 - (61 + -75)?
6
What is 0 - (-5 + -1 + 6)?
0
What is the value of 5 + -3 - (0 - -3)?
-1
What is -9 + (3 - -1) - (2 + -5)?
-2
What is -1 + 1 + -3 - -4?
1
Evaluate -5 + (-7 + 16 - -1).
5
What is 9 + (-14 - -9) - (0 - 2)?
6
What is the value of 1 + -9 + (1 + -6 - -10)?
-3
Calculate 1 - (-6 - (-16 - -5)).
-4
Evaluate 10 + -8 + -4 + -1 + 0.
-3
What is the value of 4 - ((-4 - -2) + 13 - 1)?
-6
Calculate 4 + (-4 + 3 - -1).
4
What is the 